u) = u**2 + 7*u + 3. What is the units digit of m(-8)?
1
Let d = 0 + 2. Suppose d*k - v - 3*v - 4 = 0, 1 = 2*k - 5*v. What is the units digit of k?
8
Suppose 2*r - 24 = 4*g + 26, -5*r + 3*g + 90 = 0. Suppose 0 = -d - 4*s + 6 - 1, -3*s + r = 3*d. What is the units digit of d?
5
Let f(z) = 3*z**3 - 2*z**2 - 2*z - 1. Let n be f(-1). Let h = n + 16. What is the tens digit of h?
1
Let z = 162 + -114. What is the tens digit of z?
4
Let f(c) = 2*c**2 - 1 + 2 - 3 - 6*c - 5. What is the units digit of f(5)?
3
Let h(l) = 5*l**3 - 3*l**2 + 2*l + 2. What is the tens digit of h(2)?
3
Let f(d) = 2*d. Let g(v) = -v + 8. Let o be g(6). Let q be f(o). Suppose q*z - 3*y = -0*z + 27, y + 1 = 0. What is the units digit of z?
6
Suppose 0 = 5*m - 3*y - 682, -5*y = -5*m - 0*y + 680. What is the tens digit of m?
3
Let l(i) = 7*i**2 - 8*i - 10. Let w(o) = -15*o**2 + 17*o + 21. Let v(c) = 13*l(c) + 6*w(c). What is the units digit of v(-4)?
0
Suppose -l - 1 = -0. What is the units digit of l/4 + (-505)/(-20)?
5
Suppose 0*a = 5*a + 2*j - 200, j + 200 = 5*a. Let f = a + -20. Suppose 0*i = -i + f. What is the units digit of i?
0
Let m be (-4 - (-2 + -1)) + 1. What is the tens digit of 3/5*(25 + m)?
1
What is the units digit of (228/(-6))/(-2 + 0)?
9
Let n be (0 - 4/12)*-33. Let l be (20/(-6))/(2/(-3)). Let f = n - l. What is the units digit of f?
6
What is the units digit of (2 - 1)/(4/1020) + -1?
4
What is the tens digit of 2730/75 + 6/10?
3
Let o(l) = l**3 + 4*l**2 - 5*l + 5. Let v be o(-5). Suppose -4*y = -3*f + 6, 15 = -v*f + 5. What is the units digit of (y/9)/((-3)/27)?
3
Let s = 38 - 18. Suppose -a = -4, -6*a + a = -h - 13. Let z = s - h. What is the tens digit of z?
1
What is the tens digit of 220/12 - 8/36*-3?
1
Let p = -6 - -16. Suppose 2*g - p - 20 = 0. What is the tens digit of g?
1
Let p = -1 - -4. Let t(s) = s + 2. Let m be t(2). Let a = m - p. What is the units digit of a?
1
Let h(w) = -w**2 + 23*w + 24. What is the units digit of h(20)?
4
What is the tens digit of ((-550)/(-15) + -1)*6?
1
Suppose -12 + 4 = b. Suppose c - 26 = -c. Let n = b + c. What is the units digit of n?
5
Let h(n) = n**3 + 4*n**2 - 3*n - 6. Let f be h(-5). Let z = -14 - f. What is the units digit of z?
2
Let w(h) = 9*h**3 + h**2 - h + 1. Let u = 4 + -3. Suppose 2 + u = 3*f. What is the tens digit of w(f)?
1
Let x(u) = -u**2 - 6*u + 5. Let l be x(-7). Let m(j) = -j + 1. Let h(o) = -o**3 + 5*o**2 + o. Let q(z) = l*m(z) - h(z). What is the units digit of q(5)?
3
Let t(h) = 3*h. Let v be t(1). Suppose g + 36 = 2*w - 28, -3*g - 93 = -v*w. Suppose w = 2*z + z. What is the tens digit of z?
1
Let x(g) = -7 + 5 - 2 - 2*g. Let c be x(-4). Suppose -c*a = -2*d + 60, -d - 5*a + 15 = d. What is the units digit of d?
0
Suppose -5*u + 8 = -3*u. Let x be (-4)/u - 2*-1. Suppose o + 4 - 7 = 2*g, 0 = -g + x. What is the units digit of o?
5
What is the tens digit of (-4)/12*(-75)/1?
2
Suppose 0 = 4*c + c. Let l(o) = c + 0*o**2 + o**2 - 3. What is the units digit of l(3)?
6
Suppose 0*u - 3*u = -102. What is the units digit of u?
4
Suppose 4*m + 995 = 4*f + 5*m, -4*m - 1228 = -5*f. What is the tens digit of f?
4
Let k = -108 - -224. What is the tens digit of k?
1
Suppose 0*i - 5*i - 105 = 0. Let f = i - -45. What is the units digit of f?
4
Suppose 0 = -0*k - 5*k + 25. Let d = k - 9. What is the units digit of (-1)/(d + 9/3)?
1
Let t(i) = i + 8. Let b(d) = -d**3 - 12*d**2 - 13*d + 1. Let z be b(-11). Suppose 4*v - z = 5. What is the units digit of t(v)?
5
Let i(q) = -26*q**3 - 2*q**2 - 2*q - 1. Let f be i(-1). Suppose -4*c = -3*a + f, 0 = -5*a + 6 + 9. What is the units digit of ((-2)/c)/((-2)/(-8))?
2
Suppose -3*u + 159 = -4*m + 4, -2*u = 2*m - 108. What is the tens digit of u?
5
Let l be (39/(-12))/((-2)/8). Let v = -1 + l. What is the units digit of v?
2
Let j(c) = c**2 - 10*c - 23. What is the units digit of j(12)?
1
Suppose 0*g - 2*g = -4*z, -8 = -3*g + 2*z. Let x be g/((0 - 1)/(-1)). Suppose x*u = -0*u + 8. What is the units digit of u?
2
Suppose -3*s - 2*y = s - 428, 328 = 3*s + 5*y. What is the tens digit of s?
0
Suppose 0 = -y + 9 - 3. Let t(m) = -16*m + 4. Let n(w) = -3*w + 1. Let c(p) = -11*n(p) + 2*t(p). What is the units digit of c(y)?
3
Let l(t) = -t**2 - 7*t - 6. Let k be l(-6). Let o = k + 2. Suppose 21 = 3*i + 3*d, o*i + 0*d = 4*d + 38. What is the units digit of i?
1
Let l = 230 + -159. Suppose -4 = 3*b + 4*s - l, -3*s = -3. Suppose 36 = 3*j - 3*g, -5*g + b = 3*j - 47. What is the tens digit of j?
1
Let l(z) = -19*z + 3. Let s be l(-3). Let m(r) = r - 2. Let d be m(7). Suppose d*o = o + s. What is the tens digit of o?
1
Suppose -5*f + 8 + 2 = 0, 0 = -d - 3*f + 16. What is the tens digit of d?
1
Suppose -4*a + 23 + 17 = 0. Suppose -2*h + 2*y + 58 = 0, 2*h + y - 25 = 21. Let t = h - a. What is the tens digit of t?
1
Let i be 4/24 + 13/(-6). Let h(o) = -9*o + 1. What is the tens digit of h(i)?
1
Let c(l) = l**2 - l + 3. Let h be c(-4). Suppose 0 = 3*i + 11 - 17. Suppose i*q - h = 5. What is the units digit of q?
4
Suppose -2*o + 20 = 4*a + 2, 0 = 3*o + 3*a - 24. What is the units digit of o?
7
Suppose 0 = 14*b - 2827 - 1569. What is the tens digit of b?
1
Suppose -4 = -v - 27. Let b = 48 + v. Suppose 2*q = -g - 4, 0*q = 5*g - 5*q - b. What is the units digit of g?
2
Let b be (-1)/(-4) - 2/8. Suppose -4*a + 5*a - 4 = 0. Let i = a - b. What is the units digit of i?
4
Let b(y) = 6*y**2 + 13*y - 53. What is the hundreds digit of b(6)?
2
What is the hundreds digit of (-3878)/(-16) + 15/(-40)?
2
Suppose 0 = -23*p + 19*p + 36. What is the units digit of p?
9
Let f(j) = -j**2 - 4*j + 7. Let x be f(-5). Suppose -5*v = -5*a - 60, -x*v + 24 = -0*v + 4*a. What is the units digit of v?
2
Let b be (42/(-2) - 0)*-2. Suppose -2 = q + 5*k, 6*k - b = -3*q + 3*k. What is the tens digit of q?
1
Let a = -72 + 145. What is the tens digit of a?
7
Let a(p) = p**3 - 5*p**2 + 5. Let g be a(5). Suppose 5*w = -g*x - 40, -2*x - 11 = -2*w - 35. What is the units digit of w*(-1 + 3/6)?
5
Let p be 2/4 + (-45)/(-10). Suppose -x + 15 = l, -p*x = -8*l + 5*l - 59. What is the tens digit of x?
1
Let p be 21/(-1 + 0) - 0. Let y = 30 + p. What is the units digit of y?
9
Let a(j) = 4*j**2 - 3*j - 22. What is the units digit of a(-5)?
3
Let j be -1*(-2 - 1*-2). Suppose j = 3*g - g - 4. Suppose -g*v + 6 = -10. What is the units digit of v?
8
Suppose b = -3*u + 31 + 19, -b + 55 = -2*u. What is the units digit of b?
3
Suppose r + 2*a - 9 = -2*a, -5*r + 3*a + 114 = 0. What is the units digit of r?
1
Let u(v) = 33*v**3 + 2*v**2 - v. What is the tens digit of u(1)?
3
Suppose 70 = 3*c - 152. What is the tens digit of c?
7
Suppose -7*s = -1678 + 509. What is the units digit of s?
7
Let b(i) = -4*i**3 - 4*i**2 - 3*i. What is the tens digit of b(-2)?
2
Let v = -40 + 77. Let x = v + 27. Suppose -2*l - 2*l = -3*m - x, -4*l = -m - 64. What is the tens digit of l?
1
Suppose 6*c - 132 = 3*c. What is the tens digit of c?
4
Suppose -2 + 3 = -s. Let w = s - -3. Suppose -w*r + 2 + 18 = 0. What is the units digit of r?
0
Let h be (-2)/(-11) - (-210)/55. What is the units digit of (-2)/h + 295/10?
9
Let n(j) be the first derivative of j**4/4 - 2*j**3/3 - 7*j**2/2 + 5*j + 2. What is the units digit of n(4)?
9
Let a = -7 - -36. What is the tens digit of a?
2
Suppose -332 = -4*u - 2*g, 126 = 4*u - g - 200. What is the tens digit of u?
8
Suppose -18*p + 25*p - 1015 = 0. What is the hundreds digit of p?
1
Let u(z) = z**3 + 2*z**2 - 3*z - 3. Let m be u(-2). Let t(d) = 3 - d**2 + d**3 - 2*d**m + 4*d**2. What is the units digit of t(3)?
3
Let o(z) = -z**3 + 4*z**2 - 3*z + 2. Let x = -10 + 19. Suppose 0 = 6*k - 3*k - x. What is the units digit of o(k)?
2
Suppose -4*d = -3*d - 4*m - 1, 10 = 3*d - 5*m. What is the units digit of (-4)/(-10) - (-33)/d?
7
Let q = -20 + 9. Let b = -4 - q. What is the units digit of b?
7
Suppose 4*a - 1 = 15. Suppose 2*f = -a*j + 6*f + 68, -5*j - 5*f + 105 = 0. What is the units digit of j?
9
Suppose -x = 4*m - 235, -3*m - 14 = -x - 199. What is the units digit of m?
0
Suppose 0 = 4*u - 5 - 11. Suppose 0 = 3*l - 5 - 1. Let d = u + l. What is the units digit of d?
6
Let u(s) = s**2 + 4*s + 3. Let w be u(-4). Suppose 3*q - 20 = -2*i, w*i + 9 - 20 = 5*q. What is the units digit of i?
7
Suppose 0 = h + 31 + 14. What is the units digit of